{"id":139,"date":"2023-02-04T15:36:43","date_gmt":"2023-02-04T15:36:43","guid":{"rendered":"http:\/\/tiertherapie-doehla.de\/?page_id=139"},"modified":"2023-05-11T12:25:59","modified_gmt":"2023-05-11T12:25:59","slug":"kinesiologisches-taping","status":"publish","type":"page","link":"http:\/\/tiertherapie-doehla.de\/?page_id=139","title":{"rendered":"Kinesiologisches Taping"},"content":{"rendered":"\t\t<div data-elementor-type=\"wp-page\" data-elementor-id=\"139\" class=\"elementor elementor-139\" data-elementor-post-type=\"page\">\n\t\t\t\t\t\t<section class=\"elementor-section elementor-top-section elementor-element elementor-element-e0cbe05 elementor-section-stretched elementor-section-boxed elementor-section-height-default elementor-section-height-default\" data-id=\"e0cbe05\" data-element_type=\"section\" data-settings=\"{&quot;stretch_section&quot;:&quot;section-stretched&quot;}\">\n\t\t\t\t\t\t<div class=\"elementor-container elementor-column-gap-default\">\n\t\t\t\t\t<div class=\"elementor-column elementor-col-50 elementor-top-column elementor-element elementor-element-e66b05d\" data-id=\"e66b05d\" data-element_type=\"column\">\n\t\t\t<div class=\"elementor-widget-wrap elementor-element-populated\">\n\t\t\t\t\t\t<div class=\"elementor-element elementor-element-01c1a9b elementor-widget elementor-widget-image\" data-id=\"01c1a9b\" data-element_type=\"widget\" data-widget_type=\"image.default\">\n\t\t\t\t<div class=\"elementor-widget-container\">\n\t\t\t\t\t\t\t\t\t\t\t\t\t\t\t<img fetchpriority=\"high\" decoding=\"async\" width=\"676\" height=\"700\" src=\"https:\/\/tiertherapie-doehla.de\/wp-content\/uploads\/2023\/02\/IMG_20220822_175757_252-min-989x1024.jpg\" class=\"attachment-large size-large wp-image-113\" alt=\"\" srcset=\"https:\/\/tiertherapie-doehla.de\/wp-content\/uploads\/2023\/02\/IMG_20220822_175757_252-min-989x1024.jpg 989w, https:\/\/tiertherapie-doehla.de\/wp-content\/uploads\/2023\/02\/IMG_20220822_175757_252-min-290x300.jpg 290w, https:\/\/tiertherapie-doehla.de\/wp-content\/uploads\/2023\/02\/IMG_20220822_175757_252-min-768x795.jpg 768w, https:\/\/tiertherapie-doehla.de\/wp-content\/uploads\/2023\/02\/IMG_20220822_175757_252-min-1483x1536.jpg 1483w, https:\/\/tiertherapie-doehla.de\/wp-content\/uploads\/2023\/02\/IMG_20220822_175757_252-min-1977x2048.jpg 1977w, https:\/\/tiertherapie-doehla.de\/wp-content\/uploads\/2023\/02\/IMG_20220822_175757_252-min-676x700.jpg 676w\" sizes=\"(max-width: 676px) 100vw, 676px\" \/>\t\t\t\t\t\t\t\t\t\t\t\t\t\t\t<\/div>\n\t\t\t\t<\/div>\n\t\t\t\t\t<\/div>\n\t\t<\/div>\n\t\t\t\t<div class=\"elementor-column elementor-col-50 elementor-top-column elementor-element elementor-element-bff2072\" data-id=\"bff2072\" data-element_type=\"column\">\n\t\t\t<div class=\"elementor-widget-wrap elementor-element-populated\">\n\t\t\t\t\t\t<div class=\"elementor-element elementor-element-03aea40 elementor-widget elementor-widget-text-editor\" data-id=\"03aea40\" data-element_type=\"widget\" data-widget_type=\"text-editor.default\">\n\t\t\t\t<div class=\"elementor-widget-container\">\n\t\t\t\t\t\t\t\t\t<p>Tapes k\u00f6nnen sehr vielf\u00e4ltig eingesetzt werden. Sie dienen z.B. der Stabilisierung von B\u00e4ndern, Muskeln und Gelenken, ohne dabei die Beweglichkeit einzuschr\u00e4nken. Au\u00dferdem aktivieren und unterst\u00fctzen sie die Selbstheilungskr\u00e4fte des K\u00f6rpers. Die Wirkung ist abh\u00e4ngig von der Klebetechnik &#8211; so unterscheidet man Muskel-, Nerven-, Lymph-, Ligament-, Faszien-, Narben-, Korrektur- und Schmerztapes. Durch die Elastizit\u00e4t des Tapes und die spezielle Klebetechnik kommt es w\u00e4hrend der Bewegung des Tieres zu Verschiebungen der Hautebenen und des Gewebes. Dadurch werden Rezeptoren und Nervenenden sanft stimuliert und Verklebungen gel\u00f6st. Das funktioniert auch, obwohl das Tape beim Tier keinen direkten Kontakt zur Haut hat &#8211; die Haarwurzeln reagieren auf das Tape und \u00fcbertragen den sanften Impuls auf die Haut. Das Tapen ist eine ideale Erg\u00e4nzung zur manuellen Therapie und kann deren Effekt verl\u00e4ngern.<\/p><p>Kinesiotaping ist sinnvoll zur Schmerzreduktion, bei muskul\u00e4ren Dysbalancen, bei Sehnen- und B\u00e4nderproblematiken, Faszienverklebungen, Narben, Fehlstellungen, \u00d6demen und Stauungssyndromen.\u00a0<\/p><p>Nicht geeignet ist diese Therapie bei Hauterkrankungen, unklaren Lahmheiten, Frakturen, frischen B\u00e4nder-, Sehnen- oder Muskelrupturen und offenen Wunden. Auch Tiere mit Cortison-Langzeittherapie und blutverd\u00fcnnenden Schmerzmitteln sollten nicht mit Tapes behandelt werden.<\/p><p>Ich verwende spezielles Tape f\u00fcr Tiere, das auch auf kurzem Fell haftet. Wenig sinnvoll ist das Tapen allerdings im Fellwechsel oder bei langhaarigen Tieren.<\/p>\t\t\t\t\t\t\t\t<\/div>\n\t\t\t\t<\/div>\n\t\t\t\t\t<\/div>\n\t\t<\/div>\n\t\t\t\t\t<\/div>\n\t\t<\/section>\n\t\t\t\t<\/div>\n\t\t","protected":false},"excerpt":{"rendered":"<p>Tapes k\u00f6nnen sehr vielf\u00e4ltig eingesetzt werden. Sie dienen z.B. der Stabilisierung von B\u00e4ndern, Muskeln und Gelenken, ohne dabei die Beweglichkeit einzuschr\u00e4nken. Au\u00dferdem aktivieren und unterst\u00fctzen sie die Selbstheilungskr\u00e4fte des K\u00f6rpers. Die Wirkung ist abh\u00e4ngig von der Klebetechnik &#8211; so unterscheidet man Muskel-, Nerven-, Lymph-, Ligament-, Faszien-, Narben-, Korrektur- und Schmerztapes. Durch die Elastizit\u00e4t des Tapes [&hellip;]<\/p>\n","protected":false},"author":1,"featured_media":0,"parent":0,"menu_order":0,"comment_status":"closed","ping_status":"closed","template":"","meta":{"footnotes":""},"class_list":["post-139","page","type-page","status-publish","hentry","post-preview"],"yoast_head":"<!-- This site is optimized with the Yoast SEO plugin v26.3 - https:\/\/yoast.com\/wordpress\/plugins\/seo\/ -->\n<title>Kinesiologisches Taping - Tiertherapie Alexandra D\u00f6hla<\/title>\n<meta name=\"robots\" content=\"index, follow, max-snippet:-1, max-image-preview:large, max-video-preview:-1\" \/>\n<link rel=\"canonical\" href=\"https:\/\/tiertherapie-doehla.de\/?page_id=139\" \/>\n<meta property=\"og:locale\" content=\"de_DE\" \/>\n<meta property=\"og:type\" content=\"article\" \/>\n<meta property=\"og:title\" content=\"Kinesiologisches Taping - Tiertherapie Alexandra D\u00f6hla\" \/>\n<meta property=\"og:description\" content=\"Tapes k\u00f6nnen sehr vielf\u00e4ltig eingesetzt werden. Sie dienen z.B. der Stabilisierung von B\u00e4ndern, Muskeln und Gelenken, ohne dabei die Beweglichkeit einzuschr\u00e4nken. Au\u00dferdem aktivieren und unterst\u00fctzen sie die Selbstheilungskr\u00e4fte des K\u00f6rpers. Die Wirkung ist abh\u00e4ngig von der Klebetechnik &#8211; so unterscheidet man Muskel-, Nerven-, Lymph-, Ligament-, Faszien-, Narben-, Korrektur- und Schmerztapes. Durch die Elastizit\u00e4t des Tapes [&hellip;]\" \/>\n<meta property=\"og:url\" content=\"https:\/\/tiertherapie-doehla.de\/?page_id=139\" \/>\n<meta property=\"og:site_name\" content=\"Tiertherapie Alexandra D\u00f6hla\" \/>\n<meta property=\"article:modified_time\" content=\"2023-05-11T12:25:59+00:00\" \/>\n<meta property=\"og:image\" content=\"http:\/\/tiertherapie-doehla.de\/wp-content\/uploads\/2023\/02\/IMG_20220822_175757_252-min-989x1024.jpg\" \/>\n<meta name=\"twitter:card\" content=\"summary_large_image\" \/>\n<meta name=\"twitter:label1\" content=\"Gesch\u00e4tzte Lesezeit\" \/>\n\t<meta name=\"twitter:data1\" content=\"1\u00a0Minute\" \/>\n<script type=\"application\/ld+json\" class=\"yoast-schema-graph\">{\"@context\":\"https:\/\/schema.org\",\"@graph\":[{\"@type\":\"WebPage\",\"@id\":\"https:\/\/tiertherapie-doehla.de\/?page_id=139\",\"url\":\"https:\/\/tiertherapie-doehla.de\/?page_id=139\",\"name\":\"Kinesiologisches Taping - Tiertherapie Alexandra D\u00f6hla\",\"isPartOf\":{\"@id\":\"https:\/\/tiertherapie-doehla.de\/#website\"},\"primaryImageOfPage\":{\"@id\":\"https:\/\/tiertherapie-doehla.de\/?page_id=139#primaryimage\"},\"image\":{\"@id\":\"https:\/\/tiertherapie-doehla.de\/?page_id=139#primaryimage\"},\"thumbnailUrl\":\"http:\/\/tiertherapie-doehla.de\/wp-content\/uploads\/2023\/02\/IMG_20220822_175757_252-min-989x1024.jpg\",\"datePublished\":\"2023-02-04T15:36:43+00:00\",\"dateModified\":\"2023-05-11T12:25:59+00:00\",\"breadcrumb\":{\"@id\":\"https:\/\/tiertherapie-doehla.de\/?page_id=139#breadcrumb\"},\"inLanguage\":\"de\",\"potentialAction\":[{\"@type\":\"ReadAction\",\"target\":[\"https:\/\/tiertherapie-doehla.de\/?page_id=139\"]}]},{\"@type\":\"ImageObject\",\"inLanguage\":\"de\",\"@id\":\"https:\/\/tiertherapie-doehla.de\/?page_id=139#primaryimage\",\"url\":\"http:\/\/tiertherapie-doehla.de\/wp-content\/uploads\/2023\/02\/IMG_20220822_175757_252-min-scaled.jpg\",\"contentUrl\":\"http:\/\/tiertherapie-doehla.de\/wp-content\/uploads\/2023\/02\/IMG_20220822_175757_252-min-scaled.jpg\",\"width\":2472,\"height\":2560,\"caption\":\"Taping\"},{\"@type\":\"BreadcrumbList\",\"@id\":\"https:\/\/tiertherapie-doehla.de\/?page_id=139#breadcrumb\",\"itemListElement\":[{\"@type\":\"ListItem\",\"position\":1,\"name\":\"Startseite\",\"item\":\"https:\/\/tiertherapie-doehla.de\/\"},{\"@type\":\"ListItem\",\"position\":2,\"name\":\"Kinesiologisches Taping\"}]},{\"@type\":\"WebSite\",\"@id\":\"https:\/\/tiertherapie-doehla.de\/#website\",\"url\":\"https:\/\/tiertherapie-doehla.de\/\",\"name\":\"Tiertherapie Alexandra D\u00f6hla\",\"description\":\"Physiotherapie f\u00fcr Pferde und Hunde\",\"publisher\":{\"@id\":\"https:\/\/tiertherapie-doehla.de\/#\/schema\/person\/2664bc569e262b2f58c68a413d9a1004\"},\"potentialAction\":[{\"@type\":\"SearchAction\",\"target\":{\"@type\":\"EntryPoint\",\"urlTemplate\":\"https:\/\/tiertherapie-doehla.de\/?s={search_term_string}\"},\"query-input\":{\"@type\":\"PropertyValueSpecification\",\"valueRequired\":true,\"valueName\":\"search_term_string\"}}],\"inLanguage\":\"de\"},{\"@type\":[\"Person\",\"Organization\"],\"@id\":\"https:\/\/tiertherapie-doehla.de\/#\/schema\/person\/2664bc569e262b2f58c68a413d9a1004\",\"name\":\"admin\",\"image\":{\"@type\":\"ImageObject\",\"inLanguage\":\"de\",\"@id\":\"https:\/\/tiertherapie-doehla.de\/#\/schema\/person\/image\/\",\"url\":\"http:\/\/tiertherapie-doehla.de\/wp-content\/uploads\/2023\/02\/Logo-min-1.jpg\",\"contentUrl\":\"http:\/\/tiertherapie-doehla.de\/wp-content\/uploads\/2023\/02\/Logo-min-1.jpg\",\"width\":500,\"height\":500,\"caption\":\"admin\"},\"logo\":{\"@id\":\"https:\/\/tiertherapie-doehla.de\/#\/schema\/person\/image\/\"},\"sameAs\":[\"http:\/\/tiertherapie-doehla.de\"]}]}<\/script>\n<!-- \/ Yoast SEO plugin. -->","yoast_head_json":{"title":"Kinesiologisches Taping - Tiertherapie Alexandra D\u00f6hla","robots":{"index":"index","follow":"follow","max-snippet":"max-snippet:-1","max-image-preview":"max-image-preview:large","max-video-preview":"max-video-preview:-1"},"canonical":"https:\/\/tiertherapie-doehla.de\/?page_id=139","og_locale":"de_DE","og_type":"article","og_title":"Kinesiologisches Taping - Tiertherapie Alexandra D\u00f6hla","og_description":"Tapes k\u00f6nnen sehr vielf\u00e4ltig eingesetzt werden. Sie dienen z.B. der Stabilisierung von B\u00e4ndern, Muskeln und Gelenken, ohne dabei die Beweglichkeit einzuschr\u00e4nken. Au\u00dferdem aktivieren und unterst\u00fctzen sie die Selbstheilungskr\u00e4fte des K\u00f6rpers. Die Wirkung ist abh\u00e4ngig von der Klebetechnik &#8211; so unterscheidet man Muskel-, Nerven-, Lymph-, Ligament-, Faszien-, Narben-, Korrektur- und Schmerztapes. Durch die Elastizit\u00e4t des Tapes [&hellip;]","og_url":"https:\/\/tiertherapie-doehla.de\/?page_id=139","og_site_name":"Tiertherapie Alexandra D\u00f6hla","article_modified_time":"2023-05-11T12:25:59+00:00","og_image":[{"url":"http:\/\/tiertherapie-doehla.de\/wp-content\/uploads\/2023\/02\/IMG_20220822_175757_252-min-989x1024.jpg","type":"","width":"","height":""}],"twitter_card":"summary_large_image","twitter_misc":{"Gesch\u00e4tzte Lesezeit":"1\u00a0Minute"},"schema":{"@context":"https:\/\/schema.org","@graph":[{"@type":"WebPage","@id":"https:\/\/tiertherapie-doehla.de\/?page_id=139","url":"https:\/\/tiertherapie-doehla.de\/?page_id=139","name":"Kinesiologisches Taping - Tiertherapie Alexandra D\u00f6hla","isPartOf":{"@id":"https:\/\/tiertherapie-doehla.de\/#website"},"primaryImageOfPage":{"@id":"https:\/\/tiertherapie-doehla.de\/?page_id=139#primaryimage"},"image":{"@id":"https:\/\/tiertherapie-doehla.de\/?page_id=139#primaryimage"},"thumbnailUrl":"http:\/\/tiertherapie-doehla.de\/wp-content\/uploads\/2023\/02\/IMG_20220822_175757_252-min-989x1024.jpg","datePublished":"2023-02-04T15:36:43+00:00","dateModified":"2023-05-11T12:25:59+00:00","breadcrumb":{"@id":"https:\/\/tiertherapie-doehla.de\/?page_id=139#breadcrumb"},"inLanguage":"de","potentialAction":[{"@type":"ReadAction","target":["https:\/\/tiertherapie-doehla.de\/?page_id=139"]}]},{"@type":"ImageObject","inLanguage":"de","@id":"https:\/\/tiertherapie-doehla.de\/?page_id=139#primaryimage","url":"http:\/\/tiertherapie-doehla.de\/wp-content\/uploads\/2023\/02\/IMG_20220822_175757_252-min-scaled.jpg","contentUrl":"http:\/\/tiertherapie-doehla.de\/wp-content\/uploads\/2023\/02\/IMG_20220822_175757_252-min-scaled.jpg","width":2472,"height":2560,"caption":"Taping"},{"@type":"BreadcrumbList","@id":"https:\/\/tiertherapie-doehla.de\/?page_id=139#breadcrumb","itemListElement":[{"@type":"ListItem","position":1,"name":"Startseite","item":"https:\/\/tiertherapie-doehla.de\/"},{"@type":"ListItem","position":2,"name":"Kinesiologisches Taping"}]},{"@type":"WebSite","@id":"https:\/\/tiertherapie-doehla.de\/#website","url":"https:\/\/tiertherapie-doehla.de\/","name":"Tiertherapie Alexandra D\u00f6hla","description":"Physiotherapie f\u00fcr Pferde und Hunde","publisher":{"@id":"https:\/\/tiertherapie-doehla.de\/#\/schema\/person\/2664bc569e262b2f58c68a413d9a1004"},"potentialAction":[{"@type":"SearchAction","target":{"@type":"EntryPoint","urlTemplate":"https:\/\/tiertherapie-doehla.de\/?s={search_term_string}"},"query-input":{"@type":"PropertyValueSpecification","valueRequired":true,"valueName":"search_term_string"}}],"inLanguage":"de"},{"@type":["Person","Organization"],"@id":"https:\/\/tiertherapie-doehla.de\/#\/schema\/person\/2664bc569e262b2f58c68a413d9a1004","name":"admin","image":{"@type":"ImageObject","inLanguage":"de","@id":"https:\/\/tiertherapie-doehla.de\/#\/schema\/person\/image\/","url":"http:\/\/tiertherapie-doehla.de\/wp-content\/uploads\/2023\/02\/Logo-min-1.jpg","contentUrl":"http:\/\/tiertherapie-doehla.de\/wp-content\/uploads\/2023\/02\/Logo-min-1.jpg","width":500,"height":500,"caption":"admin"},"logo":{"@id":"https:\/\/tiertherapie-doehla.de\/#\/schema\/person\/image\/"},"sameAs":["http:\/\/tiertherapie-doehla.de"]}]}},"_links":{"self":[{"href":"http:\/\/tiertherapie-doehla.de\/index.php?rest_route=\/wp\/v2\/pages\/139","targetHints":{"allow":["GET"]}}],"collection":[{"href":"http:\/\/tiertherapie-doehla.de\/index.php?rest_route=\/wp\/v2\/pages"}],"about":[{"href":"http:\/\/tiertherapie-doehla.de\/index.php?rest_route=\/wp\/v2\/types\/page"}],"author":[{"embeddable":true,"href":"http:\/\/tiertherapie-doehla.de\/index.php?rest_route=\/wp\/v2\/users\/1"}],"replies":[{"embeddable":true,"href":"http:\/\/tiertherapie-doehla.de\/index.php?rest_route=%2Fwp%2Fv2%2Fcomments&post=139"}],"version-history":[{"count":16,"href":"http:\/\/tiertherapie-doehla.de\/index.php?rest_route=\/wp\/v2\/pages\/139\/revisions"}],"predecessor-version":[{"id":560,"href":"http:\/\/tiertherapie-doehla.de\/index.php?rest_route=\/wp\/v2\/pages\/139\/revisions\/560"}],"wp:attachment":[{"href":"http:\/\/tiertherapie-doehla.de\/index.php?rest_route=%2Fwp%2Fv2%2Fmedia&parent=139"}],"curies":[{"name":"wp","href":"https:\/\/api.w.org\/{rel}","templated":true}]}}