{"id":159,"date":"2023-02-04T15:42:57","date_gmt":"2023-02-04T15:42:57","guid":{"rendered":"http:\/\/tiertherapie-doehla.de\/?page_id=159"},"modified":"2025-02-04T19:59:02","modified_gmt":"2025-02-04T19:59:02","slug":"indikationen","status":"publish","type":"page","link":"http:\/\/tiertherapie-doehla.de\/?page_id=159","title":{"rendered":"Indikationen"},"content":{"rendered":"\t\t<div data-elementor-type=\"wp-page\" data-elementor-id=\"159\" class=\"elementor elementor-159\" data-elementor-post-type=\"page\">\n\t\t\t\t\t\t<section class=\"elementor-section elementor-top-section elementor-element elementor-element-2cbe0bb elementor-section-stretched elementor-section-boxed elementor-section-height-default elementor-section-height-default\" data-id=\"2cbe0bb\" data-element_type=\"section\" data-settings=\"{&quot;stretch_section&quot;:&quot;section-stretched&quot;}\">\n\t\t\t\t\t\t<div class=\"elementor-container elementor-column-gap-default\">\n\t\t\t\t\t<div class=\"elementor-column elementor-col-100 elementor-top-column elementor-element elementor-element-84316e7\" data-id=\"84316e7\" data-element_type=\"column\">\n\t\t\t<div class=\"elementor-widget-wrap elementor-element-populated\">\n\t\t\t\t\t\t<div class=\"elementor-element elementor-element-8d696da elementor-widget elementor-widget-image\" data-id=\"8d696da\" data-element_type=\"widget\" data-widget_type=\"image.default\">\n\t\t\t\t<div class=\"elementor-widget-container\">\n\t\t\t\t\t\t\t\t\t\t\t\t\t\t\t<img fetchpriority=\"high\" decoding=\"async\" width=\"300\" height=\"254\" src=\"https:\/\/tiertherapie-doehla.de\/wp-content\/uploads\/2023\/04\/DSC_0091-min2-300x254.jpeg\" class=\"attachment-medium size-medium wp-image-434\" alt=\"\" srcset=\"https:\/\/tiertherapie-doehla.de\/wp-content\/uploads\/2023\/04\/DSC_0091-min2-300x254.jpeg 300w, https:\/\/tiertherapie-doehla.de\/wp-content\/uploads\/2023\/04\/DSC_0091-min2-1024x867.jpeg 1024w, https:\/\/tiertherapie-doehla.de\/wp-content\/uploads\/2023\/04\/DSC_0091-min2-768x650.jpeg 768w, https:\/\/tiertherapie-doehla.de\/wp-content\/uploads\/2023\/04\/DSC_0091-min2-1536x1301.jpeg 1536w, https:\/\/tiertherapie-doehla.de\/wp-content\/uploads\/2023\/04\/DSC_0091-min2-2048x1734.jpeg 2048w, https:\/\/tiertherapie-doehla.de\/wp-content\/uploads\/2023\/04\/DSC_0091-min2-676x572.jpeg 676w\" sizes=\"(max-width: 300px) 100vw, 300px\" \/>\t\t\t\t\t\t\t\t\t\t\t\t\t\t\t<\/div>\n\t\t\t\t<\/div>\n\t\t\t\t<div class=\"elementor-element elementor-element-3996edf elementor-widget elementor-widget-spacer\" data-id=\"3996edf\" data-element_type=\"widget\" data-widget_type=\"spacer.default\">\n\t\t\t\t<div class=\"elementor-widget-container\">\n\t\t\t\t\t\t\t<div class=\"elementor-spacer\">\n\t\t\t<div class=\"elementor-spacer-inner\"><\/div>\n\t\t<\/div>\n\t\t\t\t\t\t<\/div>\n\t\t\t\t<\/div>\n\t\t\t\t<div class=\"elementor-element elementor-element-ea7cc77 elementor-widget elementor-widget-text-editor\" data-id=\"ea7cc77\" data-element_type=\"widget\" data-widget_type=\"text-editor.default\">\n\t\t\t\t<div class=\"elementor-widget-container\">\n\t\t\t\t\t\t\t\t\t<p><strong>Wann ist Physiotherapie \u00fcberhaupt sinnvoll?\u00a0<\/strong><\/p><p>Ich empfehle eine halbj\u00e4hrliche Behandlung zur Prophylaxe. Vorsorge ist besser als Nachsorge.<\/p><p>Achtung: Ich ersetze keine tier\u00e4rztliche Behandlung! Wenn dein Tier schwerwiegende Probleme hat, ziehe bitte zuerst deinen Tierarzt zu Rate und bespreche mit ihm, inwieweit eine physiotherapeutische Behandlung sinnvoll ist.\u00a0<\/p><p><strong><u>Indikationen Pferd<\/u><\/strong><\/p><ul><li>Rittigkeitsprobleme und Auff\u00e4lligkeiten beim Reiten, Satteln oder im Umgang<\/li><li>unklare Lahmheiten oder Taktfehler<\/li><li>R\u00fcckenprobleme\u00a0<\/li><li>Erkrankungen des Skeletts, der Muskeln, Sehnen und B\u00e4nder\u00a0<\/li><li>Neurologische Erkrankungen<\/li><li>angelaufene Beine oder \u00d6deme, Probleme mit dem Lymphsystem<\/li><li>Arthrosen\u00a0<\/li><li>nach St\u00fcrzen, Unf\u00e4llen o.\u00e4.<\/li><li>Rehabilitation nach Krankheit oder Operation\u00a0<\/li><li>geriatrische Pferde\u00a0<\/li><li>Schiefhaltung von Kopf und\/oder Schweif<\/li><li>Muskelverspannungen und -atrophien<\/li><li>vor und nach gr\u00f6\u00dferen k\u00f6rperlichen Beanspruchungen<\/li><\/ul><p><strong><u>Indikationen Hund<\/u><\/strong><\/p><ul><li>Lahmheiten<\/li><li>Erkrankungen des Skeletts, der Muskeln, Sehnen und B\u00e4nder\u00a0<\/li><li>Neurologische Erkrankungen<\/li><li>Probleme mit dem Lymphsystem\u00a0<\/li><li>Arthrosen<\/li><li>Rehabilitation nach Krankheit oder Operation<\/li><li>geriatrische Hunde\u00a0<\/li><li>Muskelverspannungen und -atrophien\u00a0<\/li><li>vor und nach gr\u00f6\u00dferen k\u00f6rperlichen Beanspruchungen\u00a0<\/li><\/ul><p>Gerne beziehe ich in meine Behandlung auch verschiedene Ger\u00e4te mit ein, um ein bestm\u00f6gliches Ergebnis bei meinem Patienten zu erzielen. Dazu z\u00e4hlen beispielsweise:<\/p><ul><li>Novafon (Schallwellentherapie)<\/li><li>Milex Massagepistole\u00a0<\/li><li>Igelball\u00a0<\/li><li>Akkupressurstifte\u00a0<\/li><li>Balancepads\u00a0<\/li><li>Hei\u00dfe Rolle<\/li><\/ul>\t\t\t\t\t\t\t\t<\/div>\n\t\t\t\t<\/div>\n\t\t\t\t\t<\/div>\n\t\t<\/div>\n\t\t\t\t\t<\/div>\n\t\t<\/section>\n\t\t\t\t<\/div>\n\t\t","protected":false},"excerpt":{"rendered":"<p>Wann ist Physiotherapie \u00fcberhaupt sinnvoll?\u00a0 Ich empfehle eine halbj\u00e4hrliche Behandlung zur Prophylaxe. Vorsorge ist besser als Nachsorge. Achtung: Ich ersetze keine tier\u00e4rztliche Behandlung! Wenn dein Tier schwerwiegende Probleme hat, ziehe bitte zuerst deinen Tierarzt zu Rate und bespreche mit ihm, inwieweit eine physiotherapeutische Behandlung sinnvoll ist.\u00a0 Indikationen Pferd Rittigkeitsprobleme und Auff\u00e4lligkeiten beim Reiten, Satteln oder [&hellip;]<\/p>\n","protected":false},"author":1,"featured_media":0,"parent":0,"menu_order":0,"comment_status":"closed","ping_status":"closed","template":"","meta":{"footnotes":""},"class_list":["post-159","page","type-page","status-publish","hentry","post-preview"],"yoast_head":"<!-- This site is optimized with the Yoast SEO plugin v26.3 - https:\/\/yoast.com\/wordpress\/plugins\/seo\/ -->\n<title>Indikationen - Tiertherapie Alexandra D\u00f6hla<\/title>\n<meta name=\"robots\" content=\"index, follow, max-snippet:-1, max-image-preview:large, max-video-preview:-1\" \/>\n<link rel=\"canonical\" href=\"https:\/\/tiertherapie-doehla.de\/?page_id=159\" \/>\n<meta property=\"og:locale\" content=\"de_DE\" \/>\n<meta property=\"og:type\" content=\"article\" \/>\n<meta property=\"og:title\" content=\"Indikationen - Tiertherapie Alexandra D\u00f6hla\" \/>\n<meta property=\"og:description\" content=\"Wann ist Physiotherapie \u00fcberhaupt sinnvoll?\u00a0 Ich empfehle eine halbj\u00e4hrliche Behandlung zur Prophylaxe. Vorsorge ist besser als Nachsorge. Achtung: Ich ersetze keine tier\u00e4rztliche Behandlung! Wenn dein Tier schwerwiegende Probleme hat, ziehe bitte zuerst deinen Tierarzt zu Rate und bespreche mit ihm, inwieweit eine physiotherapeutische Behandlung sinnvoll ist.\u00a0 Indikationen Pferd Rittigkeitsprobleme und Auff\u00e4lligkeiten beim Reiten, Satteln oder [&hellip;]\" \/>\n<meta property=\"og:url\" content=\"https:\/\/tiertherapie-doehla.de\/?page_id=159\" \/>\n<meta property=\"og:site_name\" content=\"Tiertherapie Alexandra D\u00f6hla\" \/>\n<meta property=\"article:modified_time\" content=\"2025-02-04T19:59:02+00:00\" \/>\n<meta property=\"og:image\" content=\"http:\/\/tiertherapie-doehla.de\/wp-content\/uploads\/2023\/04\/DSC_0091-min2-300x254.jpeg\" \/>\n<meta name=\"twitter:card\" content=\"summary_large_image\" \/>\n<meta name=\"twitter:label1\" content=\"Gesch\u00e4tzte Lesezeit\" \/>\n\t<meta name=\"twitter:data1\" content=\"2\u00a0Minuten\" \/>\n<script type=\"application\/ld+json\" class=\"yoast-schema-graph\">{\"@context\":\"https:\/\/schema.org\",\"@graph\":[{\"@type\":\"WebPage\",\"@id\":\"https:\/\/tiertherapie-doehla.de\/?page_id=159\",\"url\":\"https:\/\/tiertherapie-doehla.de\/?page_id=159\",\"name\":\"Indikationen - Tiertherapie Alexandra D\u00f6hla\",\"isPartOf\":{\"@id\":\"https:\/\/tiertherapie-doehla.de\/#website\"},\"primaryImageOfPage\":{\"@id\":\"https:\/\/tiertherapie-doehla.de\/?page_id=159#primaryimage\"},\"image\":{\"@id\":\"https:\/\/tiertherapie-doehla.de\/?page_id=159#primaryimage\"},\"thumbnailUrl\":\"http:\/\/tiertherapie-doehla.de\/wp-content\/uploads\/2023\/04\/DSC_0091-min2-300x254.jpeg\",\"datePublished\":\"2023-02-04T15:42:57+00:00\",\"dateModified\":\"2025-02-04T19:59:02+00:00\",\"breadcrumb\":{\"@id\":\"https:\/\/tiertherapie-doehla.de\/?page_id=159#breadcrumb\"},\"inLanguage\":\"de\",\"potentialAction\":[{\"@type\":\"ReadAction\",\"target\":[\"https:\/\/tiertherapie-doehla.de\/?page_id=159\"]}]},{\"@type\":\"ImageObject\",\"inLanguage\":\"de\",\"@id\":\"https:\/\/tiertherapie-doehla.de\/?page_id=159#primaryimage\",\"url\":\"http:\/\/tiertherapie-doehla.de\/wp-content\/uploads\/2023\/04\/DSC_0091-min2-300x254.jpeg\",\"contentUrl\":\"http:\/\/tiertherapie-doehla.de\/wp-content\/uploads\/2023\/04\/DSC_0091-min2-300x254.jpeg\"},{\"@type\":\"BreadcrumbList\",\"@id\":\"https:\/\/tiertherapie-doehla.de\/?page_id=159#breadcrumb\",\"itemListElement\":[{\"@type\":\"ListItem\",\"position\":1,\"name\":\"Startseite\",\"item\":\"https:\/\/tiertherapie-doehla.de\/\"},{\"@type\":\"ListItem\",\"position\":2,\"name\":\"Indikationen\"}]},{\"@type\":\"WebSite\",\"@id\":\"https:\/\/tiertherapie-doehla.de\/#website\",\"url\":\"https:\/\/tiertherapie-doehla.de\/\",\"name\":\"Tiertherapie Alexandra D\u00f6hla\",\"description\":\"Physiotherapie f\u00fcr Pferde und Hunde\",\"publisher\":{\"@id\":\"https:\/\/tiertherapie-doehla.de\/#\/schema\/person\/2664bc569e262b2f58c68a413d9a1004\"},\"potentialAction\":[{\"@type\":\"SearchAction\",\"target\":{\"@type\":\"EntryPoint\",\"urlTemplate\":\"https:\/\/tiertherapie-doehla.de\/?s={search_term_string}\"},\"query-input\":{\"@type\":\"PropertyValueSpecification\",\"valueRequired\":true,\"valueName\":\"search_term_string\"}}],\"inLanguage\":\"de\"},{\"@type\":[\"Person\",\"Organization\"],\"@id\":\"https:\/\/tiertherapie-doehla.de\/#\/schema\/person\/2664bc569e262b2f58c68a413d9a1004\",\"name\":\"admin\",\"image\":{\"@type\":\"ImageObject\",\"inLanguage\":\"de\",\"@id\":\"https:\/\/tiertherapie-doehla.de\/#\/schema\/person\/image\/\",\"url\":\"http:\/\/tiertherapie-doehla.de\/wp-content\/uploads\/2023\/02\/Logo-min-1.jpg\",\"contentUrl\":\"http:\/\/tiertherapie-doehla.de\/wp-content\/uploads\/2023\/02\/Logo-min-1.jpg\",\"width\":500,\"height\":500,\"caption\":\"admin\"},\"logo\":{\"@id\":\"https:\/\/tiertherapie-doehla.de\/#\/schema\/person\/image\/\"},\"sameAs\":[\"http:\/\/tiertherapie-doehla.de\"]}]}<\/script>\n<!-- \/ Yoast SEO plugin. -->","yoast_head_json":{"title":"Indikationen - Tiertherapie Alexandra D\u00f6hla","robots":{"index":"index","follow":"follow","max-snippet":"max-snippet:-1","max-image-preview":"max-image-preview:large","max-video-preview":"max-video-preview:-1"},"canonical":"https:\/\/tiertherapie-doehla.de\/?page_id=159","og_locale":"de_DE","og_type":"article","og_title":"Indikationen - Tiertherapie Alexandra D\u00f6hla","og_description":"Wann ist Physiotherapie \u00fcberhaupt sinnvoll?\u00a0 Ich empfehle eine halbj\u00e4hrliche Behandlung zur Prophylaxe. Vorsorge ist besser als Nachsorge. Achtung: Ich ersetze keine tier\u00e4rztliche Behandlung! Wenn dein Tier schwerwiegende Probleme hat, ziehe bitte zuerst deinen Tierarzt zu Rate und bespreche mit ihm, inwieweit eine physiotherapeutische Behandlung sinnvoll ist.\u00a0 Indikationen Pferd Rittigkeitsprobleme und Auff\u00e4lligkeiten beim Reiten, Satteln oder [&hellip;]","og_url":"https:\/\/tiertherapie-doehla.de\/?page_id=159","og_site_name":"Tiertherapie Alexandra D\u00f6hla","article_modified_time":"2025-02-04T19:59:02+00:00","og_image":[{"url":"http:\/\/tiertherapie-doehla.de\/wp-content\/uploads\/2023\/04\/DSC_0091-min2-300x254.jpeg","type":"","width":"","height":""}],"twitter_card":"summary_large_image","twitter_misc":{"Gesch\u00e4tzte Lesezeit":"2\u00a0Minuten"},"schema":{"@context":"https:\/\/schema.org","@graph":[{"@type":"WebPage","@id":"https:\/\/tiertherapie-doehla.de\/?page_id=159","url":"https:\/\/tiertherapie-doehla.de\/?page_id=159","name":"Indikationen - Tiertherapie Alexandra D\u00f6hla","isPartOf":{"@id":"https:\/\/tiertherapie-doehla.de\/#website"},"primaryImageOfPage":{"@id":"https:\/\/tiertherapie-doehla.de\/?page_id=159#primaryimage"},"image":{"@id":"https:\/\/tiertherapie-doehla.de\/?page_id=159#primaryimage"},"thumbnailUrl":"http:\/\/tiertherapie-doehla.de\/wp-content\/uploads\/2023\/04\/DSC_0091-min2-300x254.jpeg","datePublished":"2023-02-04T15:42:57+00:00","dateModified":"2025-02-04T19:59:02+00:00","breadcrumb":{"@id":"https:\/\/tiertherapie-doehla.de\/?page_id=159#breadcrumb"},"inLanguage":"de","potentialAction":[{"@type":"ReadAction","target":["https:\/\/tiertherapie-doehla.de\/?page_id=159"]}]},{"@type":"ImageObject","inLanguage":"de","@id":"https:\/\/tiertherapie-doehla.de\/?page_id=159#primaryimage","url":"http:\/\/tiertherapie-doehla.de\/wp-content\/uploads\/2023\/04\/DSC_0091-min2-300x254.jpeg","contentUrl":"http:\/\/tiertherapie-doehla.de\/wp-content\/uploads\/2023\/04\/DSC_0091-min2-300x254.jpeg"},{"@type":"BreadcrumbList","@id":"https:\/\/tiertherapie-doehla.de\/?page_id=159#breadcrumb","itemListElement":[{"@type":"ListItem","position":1,"name":"Startseite","item":"https:\/\/tiertherapie-doehla.de\/"},{"@type":"ListItem","position":2,"name":"Indikationen"}]},{"@type":"WebSite","@id":"https:\/\/tiertherapie-doehla.de\/#website","url":"https:\/\/tiertherapie-doehla.de\/","name":"Tiertherapie Alexandra D\u00f6hla","description":"Physiotherapie f\u00fcr Pferde und Hunde","publisher":{"@id":"https:\/\/tiertherapie-doehla.de\/#\/schema\/person\/2664bc569e262b2f58c68a413d9a1004"},"potentialAction":[{"@type":"SearchAction","target":{"@type":"EntryPoint","urlTemplate":"https:\/\/tiertherapie-doehla.de\/?s={search_term_string}"},"query-input":{"@type":"PropertyValueSpecification","valueRequired":true,"valueName":"search_term_string"}}],"inLanguage":"de"},{"@type":["Person","Organization"],"@id":"https:\/\/tiertherapie-doehla.de\/#\/schema\/person\/2664bc569e262b2f58c68a413d9a1004","name":"admin","image":{"@type":"ImageObject","inLanguage":"de","@id":"https:\/\/tiertherapie-doehla.de\/#\/schema\/person\/image\/","url":"http:\/\/tiertherapie-doehla.de\/wp-content\/uploads\/2023\/02\/Logo-min-1.jpg","contentUrl":"http:\/\/tiertherapie-doehla.de\/wp-content\/uploads\/2023\/02\/Logo-min-1.jpg","width":500,"height":500,"caption":"admin"},"logo":{"@id":"https:\/\/tiertherapie-doehla.de\/#\/schema\/person\/image\/"},"sameAs":["http:\/\/tiertherapie-doehla.de"]}]}},"_links":{"self":[{"href":"http:\/\/tiertherapie-doehla.de\/index.php?rest_route=\/wp\/v2\/pages\/159","targetHints":{"allow":["GET"]}}],"collection":[{"href":"http:\/\/tiertherapie-doehla.de\/index.php?rest_route=\/wp\/v2\/pages"}],"about":[{"href":"http:\/\/tiertherapie-doehla.de\/index.php?rest_route=\/wp\/v2\/types\/page"}],"author":[{"embeddable":true,"href":"http:\/\/tiertherapie-doehla.de\/index.php?rest_route=\/wp\/v2\/users\/1"}],"replies":[{"embeddable":true,"href":"http:\/\/tiertherapie-doehla.de\/index.php?rest_route=%2Fwp%2Fv2%2Fcomments&post=159"}],"version-history":[{"count":43,"href":"http:\/\/tiertherapie-doehla.de\/index.php?rest_route=\/wp\/v2\/pages\/159\/revisions"}],"predecessor-version":[{"id":923,"href":"http:\/\/tiertherapie-doehla.de\/index.php?rest_route=\/wp\/v2\/pages\/159\/revisions\/923"}],"wp:attachment":[{"href":"http:\/\/tiertherapie-doehla.de\/index.php?rest_route=%2Fwp%2Fv2%2Fmedia&parent=159"}],"curies":[{"name":"wp","href":"https:\/\/api.w.org\/{rel}","templated":true}]}}